{"id":649,"date":"2024-03-19T10:14:28","date_gmt":"2024-03-19T13:14:28","guid":{"rendered":"https:\/\/rtmplastic.com.br\/?page_id=649"},"modified":"2024-03-26T18:59:47","modified_gmt":"2024-03-26T21:59:47","slug":"contato","status":"publish","type":"page","link":"https:\/\/rtmplastic.com.br\/?page_id=649","title":{"rendered":"Contato"},"content":{"rendered":"\t\t<div data-elementor-type=\"wp-page\" data-elementor-id=\"649\" class=\"elementor elementor-649\">\n\t\t\t\t<div class=\"elementor-element elementor-element-f07dd2d e-flex e-con-boxed e-con e-parent\" data-id=\"f07dd2d\" data-element_type=\"container\" data-e-type=\"container\">\n\t\t\t\t\t<div class=\"e-con-inner\">\n\t\t<div class=\"elementor-element elementor-element-cee9fa0 e-con-full e-flex e-con e-child\" data-id=\"cee9fa0\" data-element_type=\"container\" data-e-type=\"container\">\n\t\t\t\t<div class=\"elementor-element elementor-element-a76449c elementor-widget elementor-widget-heading\" data-id=\"a76449c\" data-element_type=\"widget\" data-e-type=\"widget\" data-widget_type=\"heading.default\">\n\t\t\t\t<div class=\"elementor-widget-container\">\n\t\t\t\t\t<h2 class=\"elementor-heading-title elementor-size-default\">Entre em contato para condi\u00e7\u00f5es comerciais.<\/h2>\t\t\t\t<\/div>\n\t\t\t\t<\/div>\n\t\t\t\t<div class=\"elementor-element elementor-element-a2ee1b1 elementor-widget elementor-widget-shortcode\" data-id=\"a2ee1b1\" data-element_type=\"widget\" data-e-type=\"widget\" data-widget_type=\"shortcode.default\">\n\t\t\t\t<div class=\"elementor-widget-container\">\n\t\t\t\t\t\t\t<div class=\"elementor-shortcode\">\n<div class=\"wpcf7 no-js\" id=\"wpcf7-f727-o1\" lang=\"pt-BR\" dir=\"ltr\" data-wpcf7-id=\"727\">\n<div class=\"screen-reader-response\"><p role=\"status\" aria-live=\"polite\" aria-atomic=\"true\"><\/p> <ul><\/ul><\/div>\n<form action=\"\/index.php?rest_route=%2Fwp%2Fv2%2Fpages%2F649#wpcf7-f727-o1\" method=\"post\" class=\"wpcf7-form init\" aria-label=\"Formul\u00e1rios de contato\" novalidate=\"novalidate\" data-status=\"init\">\n<fieldset class=\"hidden-fields-container\"><input type=\"hidden\" name=\"_wpcf7\" value=\"727\" \/><input type=\"hidden\" name=\"_wpcf7_version\" value=\"6.1.5\" \/><input type=\"hidden\" name=\"_wpcf7_locale\" value=\"pt_BR\" \/><input type=\"hidden\" name=\"_wpcf7_unit_tag\" value=\"wpcf7-f727-o1\" \/><input type=\"hidden\" name=\"_wpcf7_container_post\" value=\"0\" \/><input type=\"hidden\" name=\"_wpcf7_posted_data_hash\" value=\"\" \/><input type=\"hidden\" name=\"_wpcf7_recaptcha_response\" value=\"\" \/>\n<\/fieldset>\n<p><label> Seu nome<br \/>\n<span class=\"wpcf7-form-control-wrap\" data-name=\"your-name\"><input size=\"40\" maxlength=\"400\" class=\"wpcf7-form-control wpcf7-text wpcf7-validates-as-required\" autocomplete=\"name\" aria-required=\"true\" aria-invalid=\"false\" value=\"\" type=\"text\" name=\"your-name\" \/><\/span> <\/label>\n<\/p>\n<p><label> Seu e-mail<br \/>\n<span class=\"wpcf7-form-control-wrap\" data-name=\"your-email\"><input size=\"40\" maxlength=\"400\" class=\"wpcf7-form-control wpcf7-email wpcf7-validates-as-required wpcf7-text wpcf7-validates-as-email\" autocomplete=\"email\" aria-required=\"true\" aria-invalid=\"false\" value=\"\" type=\"email\" name=\"your-email\" \/><\/span> <\/label>\n<\/p>\n<p><label> Assunto<br \/>\n<span class=\"wpcf7-form-control-wrap\" data-name=\"your-subject\"><input size=\"40\" maxlength=\"400\" class=\"wpcf7-form-control wpcf7-text wpcf7-validates-as-required\" aria-required=\"true\" aria-invalid=\"false\" value=\"\" type=\"text\" name=\"your-subject\" \/><\/span> <\/label>\n<\/p>\n<p><label> Sua mensagem (opcional)<br \/>\n<span class=\"wpcf7-form-control-wrap\" data-name=\"your-message\"><textarea cols=\"40\" rows=\"10\" maxlength=\"2000\" class=\"wpcf7-form-control wpcf7-textarea\" aria-invalid=\"false\" name=\"your-message\"><\/textarea><\/span> <\/label>\n<\/p>\n<p><input class=\"wpcf7-form-control wpcf7-submit has-spinner\" type=\"submit\" value=\"Enviar\" \/>\n<\/p><div class=\"wpcf7-response-output\" aria-hidden=\"true\"><\/div>\n<\/form>\n<\/div>\n<\/div>\n\t\t\t\t\t\t<\/div>\n\t\t\t\t<\/div>\n\t\t\t\t<\/div>\n\t\t<div class=\"elementor-element elementor-element-4abde8e e-con-full e-flex e-con e-child\" data-id=\"4abde8e\" data-element_type=\"container\" data-e-type=\"container\">\n\t\t\t\t<div class=\"elementor-element elementor-element-18dd763 elementor-widget elementor-widget-text-editor\" data-id=\"18dd763\" data-element_type=\"widget\" data-e-type=\"widget\" data-widget_type=\"text-editor.default\">\n\t\t\t\t<div class=\"elementor-widget-container\">\n\t\t\t\t\t\t\t\t\t<p><strong>Endere\u00e7o:<\/strong><\/p><p class=\"has-small-font-size\">R. Jo\u00e3o Rosol\u00e9m, 308 &#8211; Vila Rosina, Caieiras &#8211; SP, 07749-225<\/p><p><strong>Telefone:<\/strong><\/p><p>Whatsapp: (11) 98209 7897<br \/>Telefone: (11) 4442-4007<\/p><p class=\"smallmargin has-small-font-size\"><strong>E-MAIL:<\/strong><\/p><p>vendas@rtmplastic.com.br<\/p><p class=\"wp-block-heading has-larger-font-size\"><strong>Hor\u00e1rio de Funcionamento:<\/strong><\/p><p>Segunda \u00e0 Sexta: 8:00 \u2013 17:00<\/p>\t\t\t\t\t\t\t\t<\/div>\n\t\t\t\t<\/div>\n\t\t\t\t<\/div>\n\t\t\t\t\t<\/div>\n\t\t\t\t<\/div>\n\t\t<div class=\"elementor-element elementor-element-74d2310 e-flex e-con-boxed e-con e-parent\" data-id=\"74d2310\" data-element_type=\"container\" data-e-type=\"container\">\n\t\t\t\t\t<div class=\"e-con-inner\">\n\t\t\t\t\t<\/div>\n\t\t\t\t<\/div>\n\t\t\t\t<\/div>\n\t\t","protected":false},"excerpt":{"rendered":"<p>Entre em contato para condi\u00e7\u00f5es comerciais. Endere\u00e7o: R. Jo\u00e3o Rosol\u00e9m, 308 &#8211; Vila Rosina, Caieiras &#8211; SP, 07749-225 Telefone: Whatsapp: (11) 98209 7897Telefone: (11) 4442-4007 E-MAIL: vendas@rtmplastic.com.br Hor\u00e1rio de Funcionamento: Segunda \u00e0 Sexta: 8:00 \u2013 17:00<\/p>\n","protected":false},"author":1,"featured_media":0,"parent":0,"menu_order":0,"comment_status":"closed","ping_status":"closed","template":"elementor_header_footer","meta":{"footnotes":""},"class_list":["post-649","page","type-page","status-publish","hentry"],"yoast_head":"<!-- This site is optimized with the Yoast SEO plugin v27.1.1 - https:\/\/yoast.com\/product\/yoast-seo-wordpress\/ -->\n<title>Contato - RTM Plastic<\/title>\n<meta name=\"description\" content=\"Fornecedor l\u00edder de pe\u00e7as de pl\u00e1stico injetadas personalizadas para todas as necessidades. Pe\u00e7as de pl\u00e1stico para mochilas. Engate r\u00e1pido de pl\u00e1stico. Passador de pl\u00e1stico. Meia argola de pl\u00e1stico. Castelinho de pl\u00e1stico.\" \/>\n<meta name=\"robots\" content=\"index, follow, max-snippet:-1, max-image-preview:large, max-video-preview:-1\" \/>\n<link rel=\"canonical\" href=\"https:\/\/rtmplastic.com.br\/?page_id=649\" \/>\n<meta property=\"og:locale\" content=\"pt_BR\" \/>\n<meta property=\"og:type\" content=\"article\" \/>\n<meta property=\"og:title\" content=\"Contato - RTM Plastic\" \/>\n<meta property=\"og:description\" content=\"Fornecedor l\u00edder de pe\u00e7as de pl\u00e1stico injetadas personalizadas para todas as necessidades. Pe\u00e7as de pl\u00e1stico para mochilas. Engate r\u00e1pido de pl\u00e1stico. Passador de pl\u00e1stico. Meia argola de pl\u00e1stico. Castelinho de pl\u00e1stico.\" \/>\n<meta property=\"og:url\" content=\"https:\/\/rtmplastic.com.br\/?page_id=649\" \/>\n<meta property=\"og:site_name\" content=\"RTM Plastic\" \/>\n<meta property=\"article:modified_time\" content=\"2024-03-26T21:59:47+00:00\" \/>\n<meta name=\"twitter:card\" content=\"summary_large_image\" \/>\n<meta name=\"twitter:label1\" content=\"Est. tempo de leitura\" \/>\n\t<meta name=\"twitter:data1\" content=\"1 minuto\" \/>\n<script type=\"application\/ld+json\" class=\"yoast-schema-graph\">{\"@context\":\"https:\/\/schema.org\",\"@graph\":[{\"@type\":\"WebPage\",\"@id\":\"https:\/\/rtmplastic.com.br\/?page_id=649\",\"url\":\"https:\/\/rtmplastic.com.br\/?page_id=649\",\"name\":\"Contato - RTM Plastic\",\"isPartOf\":{\"@id\":\"https:\/\/rtmplastic.com.br\/#website\"},\"datePublished\":\"2024-03-19T13:14:28+00:00\",\"dateModified\":\"2024-03-26T21:59:47+00:00\",\"description\":\"Fornecedor l\u00edder de pe\u00e7as de pl\u00e1stico injetadas personalizadas para todas as necessidades. Pe\u00e7as de pl\u00e1stico para mochilas. Engate r\u00e1pido de pl\u00e1stico. Passador de pl\u00e1stico. Meia argola de pl\u00e1stico. Castelinho de pl\u00e1stico.\",\"breadcrumb\":{\"@id\":\"https:\/\/rtmplastic.com.br\/?page_id=649#breadcrumb\"},\"inLanguage\":\"pt-BR\",\"potentialAction\":[{\"@type\":\"ReadAction\",\"target\":[\"https:\/\/rtmplastic.com.br\/?page_id=649\"]}]},{\"@type\":\"BreadcrumbList\",\"@id\":\"https:\/\/rtmplastic.com.br\/?page_id=649#breadcrumb\",\"itemListElement\":[{\"@type\":\"ListItem\",\"position\":1,\"name\":\"In\u00edcio\",\"item\":\"https:\/\/rtmplastic.com.br\/\"},{\"@type\":\"ListItem\",\"position\":2,\"name\":\"Contato\"}]},{\"@type\":\"WebSite\",\"@id\":\"https:\/\/rtmplastic.com.br\/#website\",\"url\":\"https:\/\/rtmplastic.com.br\/\",\"name\":\"RTM Plastic\",\"description\":\"\",\"publisher\":{\"@id\":\"https:\/\/rtmplastic.com.br\/#organization\"},\"potentialAction\":[{\"@type\":\"SearchAction\",\"target\":{\"@type\":\"EntryPoint\",\"urlTemplate\":\"https:\/\/rtmplastic.com.br\/?s={search_term_string}\"},\"query-input\":{\"@type\":\"PropertyValueSpecification\",\"valueRequired\":true,\"valueName\":\"search_term_string\"}}],\"inLanguage\":\"pt-BR\"},{\"@type\":\"Organization\",\"@id\":\"https:\/\/rtmplastic.com.br\/#organization\",\"name\":\"RTM Plastic\",\"url\":\"https:\/\/rtmplastic.com.br\/\",\"logo\":{\"@type\":\"ImageObject\",\"inLanguage\":\"pt-BR\",\"@id\":\"https:\/\/rtmplastic.com.br\/#\/schema\/logo\/image\/\",\"url\":\"https:\/\/rtmplastic.com.br\/wp-content\/uploads\/2024\/03\/cropped-LOGOS-7.png\",\"contentUrl\":\"https:\/\/rtmplastic.com.br\/wp-content\/uploads\/2024\/03\/cropped-LOGOS-7.png\",\"width\":1080,\"height\":309,\"caption\":\"RTM Plastic\"},\"image\":{\"@id\":\"https:\/\/rtmplastic.com.br\/#\/schema\/logo\/image\/\"}}]}<\/script>\n<!-- \/ Yoast SEO plugin. -->","yoast_head_json":{"title":"Contato - RTM Plastic","description":"Fornecedor l\u00edder de pe\u00e7as de pl\u00e1stico injetadas personalizadas para todas as necessidades. Pe\u00e7as de pl\u00e1stico para mochilas. Engate r\u00e1pido de pl\u00e1stico. Passador de pl\u00e1stico. Meia argola de pl\u00e1stico. Castelinho de pl\u00e1stico.","robots":{"index":"index","follow":"follow","max-snippet":"max-snippet:-1","max-image-preview":"max-image-preview:large","max-video-preview":"max-video-preview:-1"},"canonical":"https:\/\/rtmplastic.com.br\/?page_id=649","og_locale":"pt_BR","og_type":"article","og_title":"Contato - RTM Plastic","og_description":"Fornecedor l\u00edder de pe\u00e7as de pl\u00e1stico injetadas personalizadas para todas as necessidades. Pe\u00e7as de pl\u00e1stico para mochilas. Engate r\u00e1pido de pl\u00e1stico. Passador de pl\u00e1stico. Meia argola de pl\u00e1stico. Castelinho de pl\u00e1stico.","og_url":"https:\/\/rtmplastic.com.br\/?page_id=649","og_site_name":"RTM Plastic","article_modified_time":"2024-03-26T21:59:47+00:00","twitter_card":"summary_large_image","twitter_misc":{"Est. tempo de leitura":"1 minuto"},"schema":{"@context":"https:\/\/schema.org","@graph":[{"@type":"WebPage","@id":"https:\/\/rtmplastic.com.br\/?page_id=649","url":"https:\/\/rtmplastic.com.br\/?page_id=649","name":"Contato - RTM Plastic","isPartOf":{"@id":"https:\/\/rtmplastic.com.br\/#website"},"datePublished":"2024-03-19T13:14:28+00:00","dateModified":"2024-03-26T21:59:47+00:00","description":"Fornecedor l\u00edder de pe\u00e7as de pl\u00e1stico injetadas personalizadas para todas as necessidades. Pe\u00e7as de pl\u00e1stico para mochilas. Engate r\u00e1pido de pl\u00e1stico. Passador de pl\u00e1stico. Meia argola de pl\u00e1stico. Castelinho de pl\u00e1stico.","breadcrumb":{"@id":"https:\/\/rtmplastic.com.br\/?page_id=649#breadcrumb"},"inLanguage":"pt-BR","potentialAction":[{"@type":"ReadAction","target":["https:\/\/rtmplastic.com.br\/?page_id=649"]}]},{"@type":"BreadcrumbList","@id":"https:\/\/rtmplastic.com.br\/?page_id=649#breadcrumb","itemListElement":[{"@type":"ListItem","position":1,"name":"In\u00edcio","item":"https:\/\/rtmplastic.com.br\/"},{"@type":"ListItem","position":2,"name":"Contato"}]},{"@type":"WebSite","@id":"https:\/\/rtmplastic.com.br\/#website","url":"https:\/\/rtmplastic.com.br\/","name":"RTM Plastic","description":"","publisher":{"@id":"https:\/\/rtmplastic.com.br\/#organization"},"potentialAction":[{"@type":"SearchAction","target":{"@type":"EntryPoint","urlTemplate":"https:\/\/rtmplastic.com.br\/?s={search_term_string}"},"query-input":{"@type":"PropertyValueSpecification","valueRequired":true,"valueName":"search_term_string"}}],"inLanguage":"pt-BR"},{"@type":"Organization","@id":"https:\/\/rtmplastic.com.br\/#organization","name":"RTM Plastic","url":"https:\/\/rtmplastic.com.br\/","logo":{"@type":"ImageObject","inLanguage":"pt-BR","@id":"https:\/\/rtmplastic.com.br\/#\/schema\/logo\/image\/","url":"https:\/\/rtmplastic.com.br\/wp-content\/uploads\/2024\/03\/cropped-LOGOS-7.png","contentUrl":"https:\/\/rtmplastic.com.br\/wp-content\/uploads\/2024\/03\/cropped-LOGOS-7.png","width":1080,"height":309,"caption":"RTM Plastic"},"image":{"@id":"https:\/\/rtmplastic.com.br\/#\/schema\/logo\/image\/"}}]}},"_links":{"self":[{"href":"https:\/\/rtmplastic.com.br\/index.php?rest_route=\/wp\/v2\/pages\/649","targetHints":{"allow":["GET"]}}],"collection":[{"href":"https:\/\/rtmplastic.com.br\/index.php?rest_route=\/wp\/v2\/pages"}],"about":[{"href":"https:\/\/rtmplastic.com.br\/index.php?rest_route=\/wp\/v2\/types\/page"}],"author":[{"embeddable":true,"href":"https:\/\/rtmplastic.com.br\/index.php?rest_route=\/wp\/v2\/users\/1"}],"replies":[{"embeddable":true,"href":"https:\/\/rtmplastic.com.br\/index.php?rest_route=%2Fwp%2Fv2%2Fcomments&post=649"}],"version-history":[{"count":22,"href":"https:\/\/rtmplastic.com.br\/index.php?rest_route=\/wp\/v2\/pages\/649\/revisions"}],"predecessor-version":[{"id":974,"href":"https:\/\/rtmplastic.com.br\/index.php?rest_route=\/wp\/v2\/pages\/649\/revisions\/974"}],"wp:attachment":[{"href":"https:\/\/rtmplastic.com.br\/index.php?rest_route=%2Fwp%2Fv2%2Fmedia&parent=649"}],"curies":[{"name":"wp","href":"https:\/\/api.w.org\/{rel}","templated":true}]}}